{"id":226,"date":"2025-08-06T11:02:39","date_gmt":"2025-08-06T11:02:39","guid":{"rendered":"https:\/\/corummobilyafuari.com\/?page_id=226"},"modified":"2025-08-14T11:27:57","modified_gmt":"2025-08-14T11:27:57","slug":"hakkimizda","status":"publish","type":"page","link":"https:\/\/hrnpoyrazmakina.com\/?page_id=226","title":{"rendered":"Hakk\u0131m\u0131zda"},"content":{"rendered":"\t\t<div data-elementor-type=\"wp-page\" data-elementor-id=\"226\" class=\"elementor elementor-226\">\n\t\t\t\t<div class=\"elementor-element elementor-element-2bd6476 e-con-full e-flex e-con e-parent\" data-id=\"2bd6476\" data-element_type=\"container\" data-settings=\"{&quot;background_background&quot;:&quot;gradient&quot;}\">\n\t\t<div class=\"elementor-element elementor-element-287484e e-flex e-con-boxed e-con e-child\" data-id=\"287484e\" data-element_type=\"container\">\n\t\t\t\t\t<div class=\"e-con-inner\">\n\t\t<div class=\"elementor-element elementor-element-d26693a e-con-full e-flex e-con e-child\" data-id=\"d26693a\" data-element_type=\"container\">\n\t\t\t\t<div class=\"elementor-element elementor-element-600e593 elementor-widget elementor-widget-heading\" data-id=\"600e593\" data-element_type=\"widget\" data-widget_type=\"heading.default\">\n\t\t\t\t\t<h2 class=\"elementor-heading-title elementor-size-default\">Hakk\u0131m\u0131zda<\/h2>\t\t\t\t<\/div>\n\t\t\t\t<\/div>\n\t\t\t\t\t<\/div>\n\t\t\t\t<\/div>\n\t\t\t\t<\/div>\n\t\t<div class=\"elementor-element elementor-element-c94a36f e-flex e-con-boxed e-con e-parent\" data-id=\"c94a36f\" data-element_type=\"container\">\n\t\t\t\t\t<div class=\"e-con-inner\">\n\t\t<div class=\"elementor-element elementor-element-9f9c5e7 e-con-full e-flex e-con e-child\" data-id=\"9f9c5e7\" data-element_type=\"container\">\n\t\t\t\t<div class=\"elementor-element elementor-element-65a38d8 elementor-widget elementor-widget-text-editor\" data-id=\"65a38d8\" data-element_type=\"widget\" data-widget_type=\"text-editor.default\">\n\t\t\t\t\t\t\t\t\t<p data-start=\"370\" data-end=\"577\"><strong data-start=\"246\" data-end=\"267\">HRN Poyraz Makina<\/strong>, CNC torna imalat\u0131 ve m\u00fchendislik \u00e7\u00f6z\u00fcmleri sunan bir firma olarak sekt\u00f6rdeki g\u00fc\u00e7l\u00fc konumunu her ge\u00e7en g\u00fcn peki\u015ftirmektedir. \u00d6zellikle makine yedek par\u00e7alar\u0131, CNC tala\u015fl\u0131 imalat, \u00f6zel par\u00e7a tasar\u0131m\u0131 ve \u00fcretimi alanlar\u0131nda sundu\u011fumuz yenilik\u00e7i \u00e7\u00f6z\u00fcmlerle hem ulusal hem de uluslararas\u0131 pazarda \u00f6nemli projelere imza atmaktay\u0131z.<br><\/p><p data-start=\"532\" data-end=\"850\">Sanayi sekt\u00f6r\u00fcn\u00fcn bir\u00e7ok alan\u0131ndaki ihtiya\u00e7lara \u00f6zel tasr\u0131m ve \u00fcretim \u00e7\u00f6z\u00fcmleri sunarak, g\u00fcvenilir ve y\u00fcksek performansl\u0131 par\u00e7alar geli\u015ftirmekteyiz. HRN Poyraz Makina olarak, hassasiyet ve g\u00fcvenilirli\u011fin \u00f6n planda oldu\u011fu projelerde, modern teknolojiler ve m\u00fchendislik yetkinliklerimiz ile g\u00fc\u00e7l\u00fc bir \u00e7\u00f6z\u00fcm orta\u011f\u0131y\u0131z.<\/p><p data-start=\"852\" data-end=\"1304\"><strong data-start=\"852\" data-end=\"883\">CNC Torna ve Tala\u015fl\u0131 \u0130malat<\/strong><br data-start=\"883\" data-end=\"886\">\nUzman ekibimiz, her projeye \u00f6zel CNC torna ve tala\u015fl\u0131 imalat \u00e7\u00f6z\u00fcmleri sunarak farkl\u0131 sekt\u00f6rlerin ihtiya\u00e7lar\u0131na yarat\u0131c\u0131 ve verimli \u00e7\u00f6z\u00fcmler \u00fcretmektedir. \u0130ster seri \u00fcretim, ister \u00f6zel proje olsun; her detay\u0131 \u00f6zenle planlayarak uzun \u00f6m\u00fcrl\u00fc, y\u00fcksek hassasiyetli ve i\u015flevsel \u00fcr\u00fcnler ortaya koymaktay\u0131z. \u00dcretim s\u00fcre\u00e7lerimizde ileri m\u00fchendislik y\u00f6ntemleri, hassas \u00f6l\u00e7\u00fcm cihazlar\u0131 ve sim\u00fclasyon tekniklerini kullan\u0131yoruz.<\/p><p data-start=\"1306\" data-end=\"1619\"><strong data-start=\"1306\" data-end=\"1329\">Yedek Par\u00e7a \u00dcretimi<\/strong><br data-start=\"1329\" data-end=\"1332\">\nYedek par\u00e7a imalat\u0131nda, y\u00fcksek hassasiyet gerektiren \u00fcretim s\u00fcre\u00e7lerini en son teknoloji CNC tezg\u00e2hlar\u0131m\u0131zla ger\u00e7ekle\u015ftiriyoruz. S\u0131f\u0131r hata politikam\u0131z sayesinde i\u015flenen t\u00fcm par\u00e7alar, titiz kalite kontrol s\u00fcre\u00e7lerinden ge\u00e7irilerek en y\u00fcksek standartlarda m\u00fc\u015fterilerimize sunulmaktad\u0131r.<\/p><p data-start=\"1621\" data-end=\"1933\"><strong data-start=\"1621\" data-end=\"1652\">\u00d6zel Tasar\u0131m ve M\u00fchendislik<\/strong><br data-start=\"1652\" data-end=\"1655\">\nM\u00fc\u015fterilerimizin \u00fcretim s\u00fcre\u00e7lerinde verimlili\u011fi art\u0131racak \u00e7\u00f6z\u00fcmler geli\u015ftiriyor, estetik ve fonksiyonelli\u011fi bir araya getirerek kullan\u0131c\u0131 dostu, y\u00fcksek performansl\u0131 \u00fcr\u00fcnler tasarl\u0131yoruz. Her projeye \u00f6zel yakla\u015f\u0131m\u0131m\u0131z, HRN Poyraz Makina\u2019n\u0131n sekt\u00f6rde fark yaratmas\u0131n\u0131 sa\u011fl\u0131yor.<\/p><p data-start=\"1935\" data-end=\"2274\">M\u00fc\u015fteri odakl\u0131 \u00e7al\u0131\u015fma prensibimiz, kaliteli i\u015f\u00e7ilik, zaman\u0131nda teslimat ve teknik destek hizmetlerimiz ile sekt\u00f6r\u00fcm\u00fczde g\u00fcvenilir bir partner olarak tan\u0131nmaktay\u0131z. HRN Poyraz Makina olarak, i\u015f ortaklar\u0131m\u0131z\u0131n ihtiya\u00e7lar\u0131n\u0131 do\u011fru analiz ederek, s\u00fcrd\u00fcr\u00fclebilir ve yenilik\u00e7i \u00e7\u00f6z\u00fcmlerle sekt\u00f6rdeki \u00f6nc\u00fc rol\u00fcm\u00fcz\u00fc g\u00fc\u00e7lendirmeye devam ediyoruz.<\/p><p data-start=\"370\" data-end=\"577\">\n\n\n\n\n<\/p><p data-start=\"2276\" data-end=\"2648\">T\u00fcrkiye\u2019nin d\u00f6rt bir yan\u0131na ve uluslararas\u0131 pazarlara sundu\u011fumuz kaliteli \u00e7\u00f6z\u00fcmlerle, otomotivden makine imalat\u0131na, enerjiden \u00f6zel sanayi uygulamalar\u0131na kadar bir\u00e7ok sekt\u00f6rde i\u015f ortaklar\u0131m\u0131za katma de\u011fer sa\u011flamaya devam ediyoruz. CNC torna ve yedek par\u00e7a imalat\u0131nda g\u00fcvenilir bir \u00e7\u00f6z\u00fcm orta\u011f\u0131 ar\u0131yorsan\u0131z, HRN Poyraz Makina olarak sizlere en iyi hizmeti sunmaya haz\u0131r\u0131z.<\/p>\n<p data-start=\"173\" data-end=\"504\">\n<\/p>\t\t\t\t\t\t\t\t<\/div>\n\t\t\t\t<\/div>\n\t\t\t\t\t<\/div>\n\t\t\t\t<\/div>\n\t\t\t\t<\/div>\n\t\t","protected":false},"excerpt":{"rendered":"<p>Hakk\u0131m\u0131zda HRN Poyraz Makina, CNC torna imalat\u0131 ve m\u00fchendislik \u00e7\u00f6z\u00fcmleri sunan bir firma olarak sekt\u00f6rdeki g\u00fc\u00e7l\u00fc konumunu her ge\u00e7en g\u00fcn peki\u015ftirmektedir. \u00d6zellikle makine yedek par\u00e7alar\u0131, CNC tala\u015fl\u0131 imalat, \u00f6zel par\u00e7a tasar\u0131m\u0131 ve \u00fcretimi alanlar\u0131nda sundu\u011fumuz yenilik\u00e7i \u00e7\u00f6z\u00fcmlerle hem ulusal hem de uluslararas\u0131 pazarda \u00f6nemli projelere imza atmaktay\u0131z. Sanayi sekt\u00f6r\u00fcn\u00fcn bir\u00e7ok alan\u0131ndaki ihtiya\u00e7lara \u00f6zel tasr\u0131m ve&#8230;<\/p>\n","protected":false},"author":1,"featured_media":0,"parent":0,"menu_order":0,"comment_status":"closed","ping_status":"closed","template":"","meta":{"_kad_post_transparent":"","_kad_post_title":"hide","_kad_post_layout":"fullwidth","_kad_post_sidebar_id":"","_kad_post_content_style":"unboxed","_kad_post_vertical_padding":"hide","_kad_post_feature":"hide","_kad_post_feature_position":"","_kad_post_header":false,"_kad_post_footer":false,"footnotes":""},"class_list":["post-226","page","type-page","status-publish","hentry"],"_links":{"self":[{"href":"https:\/\/hrnpoyrazmakina.com\/index.php?rest_route=\/wp\/v2\/pages\/226","targetHints":{"allow":["GET"]}}],"collection":[{"href":"https:\/\/hrnpoyrazmakina.com\/index.php?rest_route=\/wp\/v2\/pages"}],"about":[{"href":"https:\/\/hrnpoyrazmakina.com\/index.php?rest_route=\/wp\/v2\/types\/page"}],"author":[{"embeddable":true,"href":"https:\/\/hrnpoyrazmakina.com\/index.php?rest_route=\/wp\/v2\/users\/1"}],"replies":[{"embeddable":true,"href":"https:\/\/hrnpoyrazmakina.com\/index.php?rest_route=%2Fwp%2Fv2%2Fcomments&post=226"}],"version-history":[{"count":16,"href":"https:\/\/hrnpoyrazmakina.com\/index.php?rest_route=\/wp\/v2\/pages\/226\/revisions"}],"predecessor-version":[{"id":341,"href":"https:\/\/hrnpoyrazmakina.com\/index.php?rest_route=\/wp\/v2\/pages\/226\/revisions\/341"}],"wp:attachment":[{"href":"https:\/\/hrnpoyrazmakina.com\/index.php?rest_route=%2Fwp%2Fv2%2Fmedia&parent=226"}],"curies":[{"name":"wp","href":"https:\/\/api.w.org\/{rel}","templated":true}]}}